l(7).
7
Let i(o) = 3*o - 49614 + 24841 + 24835. What is i(11)?
95
Let t(u) = -13*u**3 + u**2 + 11*u + 18. Let n(l) = -7*l**3 + l**2 + 4*l + 8. Let c(p) = -7*n(p) + 3*t(p). Determine c(1).
9
Let l be 2/(1/(-2)*1). Let d be (l/(-10))/((-1)/(-5)). Let b(f) = 2*f**2 - f**d + 7*f + 2*f - 3 - f. Calculate b(-8).
-3
Suppose 5*y - 85 = -20. Suppose 15 = -3*q, -2*q - 47 + 61 = -4*r. Let v = r + y. Let a(n) = -n**3 + 6*n**2 + 7*n - 1. What is a(v)?
-1
Let n(u) = -2*u - 4 - 4*u + 3 + u + 2. Suppose 0 = 2*b - 0*b + 6. Let l(z) = -6*z + 1. Let q(g) = b*l(g) + 4*n(g). Determine q(-3).
7
Let n(y) = 16 + 489*y + 4*y**2 - 950*y + 483*y. What is n(-5)?
6
Let a(y) = y**3 + 3*y**2 + 18. Let k = -4679 + 4675. Calculate a(k).
2
Let s(f) = -17*f - 7. Let y(h) be the third derivative of 17*h**4/24 + h**3 - 7*h**2. Let p = -61 + 56. Let k(x) = p*s(x) - 6*y(x). Give k(-1).
16
Let a(w) = -3*w**2 - 14*w + 54. Let y be (-900)/250 + 68/(-20). Give a(y).
5
Let k(w) = 8*w + 1. Let t(f) = -f**2 - 14*f + 4. Let z(h) = -2*k(h) - t(h). What is z(-8)?
74
Let x(m) be the second derivative of -m**5/20 - 2*m**4/3 - 2*m**3/3 - 4*m**2 + 894*m. Calculate x(-7).
-29
Let r(v) be the third derivative of 1/24*v**4 + 0 + 2*v**2 - 1/3*v**3 + 0*v. Let q(j) = -j**3 + 10*j**2 + 121*j - 1162. Let p be q(9). Calculate r(p).
6
Let c(m) = 1186*m + 2376. Let l be c(-2). Let b(u) be the third derivative of -1/24*u**l - 4/3*u**3 + 26*u**2 + 0*u + 0. Determine b(-10).
2
Let s = -688 - -692. Suppose 0 = -4*w + s*k - 32, -2*k = 6*w - 2*w + 26. Let g(n) = n + 9. What is g(w)?
2
Let p(m) = -m**3 + 29*m**2 + 131*m + 35. Let c be p(33). Let z(x) = -14 - 4*x**2 + x - x**2 + 0*x**c + 6*x**2. Give z(0).
-14
Let k(z) = 462 - 153 - 150 - 24*z - 117 + z**2. Give k(22).
-2
Let d(r) = 19*r + 2*r**2 - 3*r**2 + 2*r**2 - 21*r - 16. Suppose -19 + 19 = -15*n. Determine d(n).
-16
Suppose 89*f = 70*f. Let c(w) = -w**2 + 31. Determine c(f).
31
Let h = -5488 - -5492. Let j(y) = 3*y**2 + 3*y + 1. Let i be j(-2). Let m(r) = -h*r - 9 + i - 1. Determine m(-2).
5
Let r(c) = 168*c**3 + 18*c**2 + 31*c - 19. Let q(x) = 84*x**3 + 10*x**2 + 18*x - 11. Let w(z) = 7*q(z) - 4*r(z). Determine w(1).
-85
Let u(p) = -7*p**2 - 4. Let g(d) = d**2 - 25*d - 309. Let f be g(-9). Calculate u(f).
-67
Let f(p) be the second derivative of p**3/3 + 13*p**2 + 2846*p. Calculate f(-8).
10
Let n(l) = -7 - l**2 + 8*l + 1 + 1. Let j be n(6). Let b(m) be the first derivative of -m**3/3 + 9*m**2/2 - 10*m + 7023. Determine b(j).
4
Let l = -216 + 214. Let a(f) = 4*f**2 + f + 5. Give a(l).
19
Let g(m) = -25*m + 1. Let l(h) = 99*h + 81. Let y(p) = 5*p + 4. Let k(d) = 4*l(d) - 81*y(d). Let c(a) = -4*g(a) + 11*k(a). What is c(3)?
-1
Let b(q) = 1114159*q**2 - 1114159*q**2 + 27*q**3. Calculate b(-1).
-27
Let k be (-2)/2 - -5*2/(-10). Let w(g) = -2*g + 1. Suppose -4*x + 8 - 12 = 0. Let r(p) = 2*p**2 + 6*p - 7. Let v(q) = x*r(q) - 4*w(q). What is v(k)?
-9
Let j(l) = -6*l**3 - 3*l**2 - l + 1. Suppose -2*w + 12 = -3*o, 2*o = -w + 9 - 10. Calculate j(o).
39
Let v(l) be the first derivative of -l**5/60 - 13*l**4/24 - 11*l**3/6 - 9*l**2 - 12. Let p(s) be the second derivative of v(s). Give p(-12).
1
Let d(z) = -8*z - 20*z - 16 + 101 + 17*z**2 - 19*z**2 + 18*z. Give d(5).
-15
Let v be (0 + 3)*2/3. Let o(d) be the first derivative of 11*d**2/2 + 2*d + 25537. Determine o(v).
24
Let l(k) be the third derivative of k**4/2 - 5*k**3/2 - 946*k**2. Calculate l(6).
57
Let x(t) = -t**2 - 3*t. Suppose -2*f = 2, f + 4*f = 4*u - 9. Let n be u/(-3)*-3 + 2. Calculate x(n).
-18
Suppose -5*w = -n - 13, 5*n - 7 = 3*w - 28. Let q(j) = -310*j + j**w + 308*j - 3 + j**3 + 1. Give q(-2).
-2
Let x(l) be the second derivative of -l**5/10 - 3*l**4/4 + 5*l**3/3 + 11*l**2/2 - 367*l - 2. Determine x(-5).
-14
Let a(r) = -r + 1. Let b be a(-4). Let q = b - 6. Let x(u) = 56*u**2 - 87*u**2 + u + 37*u**2. Determine x(q).
5
Suppose -11*f = 215 - 259. Let i be (-5 - (-22)/f)*20. Let y(q) = -3*q + 7. Calculate y(i).
-23
Suppose f = -3*s + 6*f - 30, s + f + 2 = 0. Let y be 24/10 + (-3)/s. Let w(a) = 6 + 11*a + a**y - 2 - 3*a**2 - 10*a. Calculate w(3).
7
Let m(r) = -r + 25. Suppose 20 = t - 0*t + 5*i, 3*t + 3*i = 48. Let q be m(t). Let g(w) = -4 + q + w**2 + 50*w - 29*w - 14*w. Give g(-4).
-6
Let p(a) be the first derivative of -1/120*a**6 + 0*a + 0*a**4 - 41/2*a**2 + 1/30*a**5 - 22 + 1/3*a**3. Let r(v) be the second derivative of p(v). What is r(2)?
2
Let v(a) = -1. Let y(i) = i + 24. Let s(p) = -5*v(p) - y(p). Let c be 4 - (2 - (-25 - -13)). Determine s(c).
-9
Let p(d) be the second derivative of -d**6/180 - d**5/20 + d**4/6 - 9*d**3 + d**2/2 + 19*d. Let u(a) be the second derivative of p(a). Give u(-4).
-4
Let x be 36/(-10)*(10/(-1))/(-2). Let c be 1 - 44/10 - x/(-30). Let y(f) = f**3 + 6*f**2 + 4*f + 5. Give y(c).
21
Let c(m) be the second derivative of -1 - 1/20*m**5 + 61*m + 1/6*m**3 - 1/4*m**4 - 2*m**2. Calculate c(-4).
8
Let k(u) = u**3 + 10*u**2 - 7*u + 1. Let c(b) = 3*b**3 + 30*b**2 - 27*b + 2. Let i(h) = -2*c(h) + 7*k(h). Give i(-10).
-47
Let w(j) = 4*j**3 - 475*j**2 - 122*j + 350. Let g be w(119). Let c(p) = -p**2 - 11*p - 14. Determine c(g).
14
Let d(h) = -h**2 - 13*h - 25. Let s be ((-774)/(-144) + (-6)/16)/((-19)/38). Determine d(s).
5
Suppose -m = -3*i + 918, -i - 21*m + 306 = -26*m. Suppose 0 = -67*u + 16*u - i. Let y(q) = q**3 + 5*q**2 - 8*q - 6. What is y(u)?
6
Let g(u) = u**2 - 3*u + 7. Let l = 12917 + -12913. Calculate g(l).
11
Let t(b) be the first derivative of -b**2 - 3*b - 16. Let c be t(-5). Suppose 2*k + 1 = -c. Let v(u) = -u**2 - 2*u + 2. Determine v(k).
-6
Suppose 0 = -f - 3*h - 5, 13 = 2*f - 3*h - 4. Suppose 5*g + 13 = 5*d + 43, f*g = 3*d + 17. Let o(v) = v**2 + 5*v - 8. Calculate o(d).
6
Let u(n) = -2*n**2 - 4*n - 7. Let k(a) = a**2 - a + 1. Let b(y) = -k(y) - u(y). Let p = -11 - -7. Give b(p).
2
Let g(r) be the first derivative of -r**7/420 - r**6/180 + r**5/120 + r**4/12 + 64*r**3/3 + r - 132. Let x(i) be the third derivative of g(i). Determine x(-2).
8
Let n(o) = 29*o**3 + o**2 - 4*o + 2. Let q be n(1). Suppose -23*z - 25 = -q*z. Let f(p) = -2*p + 3*p - 190 + z*p**3 - p**2 + 189. Calculate f(1).
4
Let a(g) = -5*g**3 + 19*g**2 + 32*g + 15. Let m(w) = -14*w**3 + 53*w**2 + 95*w + 42. Let y(q) = -11*a(q) + 4*m(q). Give y(-4).
3
Let g(y) be the first derivative of y**4/2 + 11*y**3/3 - 5*y**2/2 + 6334. Let s be (-2)/5 - 84/15. Give g(s).
-6
Let g(y) = -220. Let o(u) = -u - 350. Let i(b) = 5*g(b) - 3*o(b). Calculate i(0).
-50
Let g(f) = 4*f + 8*f - 2*f**2 + 9 - 6*f**2 + f**3 - 5*f. Suppose -987*o = -989*o + 14. Determine g(o).
9
Let x(k) = -k**2 + 8*k + 6. Let n = -146 + 151. Let s be 7 - -5*n/25. Give x(s).
6
Let j(w) = 1 + w + w**3 - 1 - 3 - 1 - 6*w**2. Let f = -151 + 155. Suppose 0 = -f*h - q + 21, 3 = 4*h - 6*h - 5*q. Determine j(h).
2
Let b(y) be the first derivative of y**4/4 - y**3 + 2*y + 2426. Give b(3).
2
Let n(q) = 28084 - 28131 + 3*q**3 - 4*q**3 + q**2 + 4*q**2 + 8*q. Determine n(4).
1
Let f(w) = -5*w**3 + 3*w**2 - 6*w - 4. Let x(l) = 8*l - 84. Let g be x(10). Let o(r) = -6*r**3 + 5*r**2 - 7*r - 5. Let b(z) = g*o(z) + 5*f(z). Give b(-4).
-8
Suppose -2*d + 9 - 1 = 0, -2*d = t - 3. Let y be -50 - -40 - (t + 0). Let g(v) = -v + 11. Give g(y).
16
Suppose -1079*g = -1081*g - 20. Let l(k) = 5*k - 12. Determine l(g).
-62
Let b(p) = p**3 + 9*p**2 - 24*p - 26. Let d be (21*7/(-21) + -15)*(-4)/(-8). What is b(d)?
-4
Let w(a) be the first derivative of -2*a**2 + 5*a + 768. Determine w(-6).
29
Let f(a) = a**2 - a - 26. Let s = 530 - 527. Suppose -3*j + s = 3*m, 5*m - 5*j = -6*j + 1. Give f(m).
-26
Let h(p) be the third derivative of -p**4/12 + 7*p**3 - 784*p**2. Calculate h(23).
-4
Let o(f) = 2*f**3 - 18*f**2 - f - 2. Suppose 4*t = -4*k + 20, -238 + 206 = -4*t - k. Determine o(t).
-11
Let k(x) = -2*x - 5. Suppose 2*u = 41*u - 156. Suppose 2*g + 4*z = 12, 3*z + 15 = g + u. Give k(g).
-21
Let w(y) be the first derivative of -y**3/3 - 2*y**2 + 8*y - 29406. Let d be 0 - 2 - -11 - 1. Let s = d + -14. Calculate w(s).
-4
Suppose 0 = 4*d - 8*d + 24. Let b(n) = -5*n + 1. Let y(c) = -26*c + 6. Let l(a) = 5*b(a) - y(a). What is l(d)?
5
Let p(l) = l - 15. Let c(a) = -10 + 3 + 5 - 5. Let b(t) = 9*c(t) - 4*p(t). Calculate b(1).
-7
Let m = 5 + -1. Let y(i) = 1 - i + 9 - 15 + 1 + 0*i. Give y(m).
-